{"id":173,"date":"2024-01-04T23:56:29","date_gmt":"2024-01-04T22:56:29","guid":{"rendered":"https:\/\/chevalserein.com\/?page_id=173"},"modified":"2025-01-05T00:44:24","modified_gmt":"2025-01-04T23:44:24","slug":"pension-travail","status":"publish","type":"page","link":"https:\/\/chevalserein.com\/index.php\/pension-travail\/","title":{"rendered":"Pension travail"},"content":{"rendered":"\n<p><strong>Mathilde de Cheval Serein <\/strong>accueille votre cheval dans sa structure. Elle offre une pension adapt\u00e9e \u00e0 vos besoins ainsi qu&rsquo;\u00e0 ceux de votre fid\u00e8le compagnon. Diverses options d&rsquo;h\u00e9bergement selon vos pr\u00e9f\u00e9rences sont possibles: <\/p>\n\n\n\n<ul class=\"wp-block-list\">\n<li>des paddocks stabilis\u00e9s avec foin \u00e0 volont\u00e9 sous filet \u00e0 foin et cloche;<\/li>\n\n\n\n<li>ainsi que la possibilit\u00e9 de loger votre cheval en box sur demande (places limit\u00e9es).<\/li>\n<\/ul>\n\n\n\n<p>En g\u00e9n\u00e9ral, le d\u00e9lai d&rsquo;attente pour une pension travail est de 2 \u00e0 3 mois. Par exemple, si vous prenez contact avec nous en janvier, pr\u00e9voyez une mise au travail en mars ou en avril. Cependant, des d\u00e9sistements peuvent survenir \u00e0 la derni\u00e8re minute. N&rsquo;h\u00e9sitez pas \u00e0 nous contacter via le formulaire disponible en bas de cette page pour plus d&rsquo;informations ou pour toute demande particuli\u00e8re.<\/p>\n\n\n\n<p>Nous nous engageons \u00e0 fournir un environnement s\u00fbr et confortable pour votre \u00e9quid\u00e9. Nous offrons des services de qualit\u00e9 pour r\u00e9pondre \u00e0 vos besoins sp\u00e9cifiques. N&rsquo;h\u00e9sitez pas \u00e0 nous contacter pour discuter des options disponibles ou pour planifier la pension et le travail de votre cheval avec notre \u00e9quipe d\u00e9vou\u00e9e.<\/p>\n\n\n\n<p>Mathilde de pars ses diff\u00e9rentes exp\u00e9riences peut travailler votre cheval en :<\/p>\n\n\n\n<ul class=\"wp-block-list\">\n<li><strong>travail \u00e0 pied, <\/strong><\/li>\n\n\n\n<li><strong>travail de spectacle \u00e9questre, <\/strong><\/li>\n\n\n\n<li><strong>dressage,<\/strong><\/li>\n\n\n\n<li><strong>\u00e9ducation du cheval de loisir polyvalent.<\/strong><\/li>\n<\/ul>\n\n\n\n<p><strong>Trois types de pensions s&rsquo;offrent \u00e0 vous (pension au mois, mais des s\u00e9jours court sont aussi possibles) :<\/strong><\/p>\n\n\n\n<div class=\"wp-block-columns is-layout-flex wp-container-core-columns-is-layout-28f84493 wp-block-columns-is-layout-flex\">\n<div class=\"wp-block-column is-layout-flow wp-block-column-is-layout-flow\">\n<figure class=\"wp-block-image size-full is-resized\"><a href=\"https:\/\/chevalserein.com\/index.php\/pre-debourrage-debourrage\/\"><img data-recalc-dims=\"1\" loading=\"lazy\" decoding=\"async\" width=\"300\" height=\"600\" src=\"https:\/\/i0.wp.com\/chevalserein.com\/wp-content\/uploads\/2024\/01\/5-2.png?resize=300%2C600&#038;ssl=1\" alt=\"\" class=\"wp-image-339\" style=\"width:366px;height:auto\" srcset=\"https:\/\/i0.wp.com\/chevalserein.com\/wp-content\/uploads\/2024\/01\/5-2.png?w=300&amp;ssl=1 300w, https:\/\/i0.wp.com\/chevalserein.com\/wp-content\/uploads\/2024\/01\/5-2.png?resize=150%2C300&amp;ssl=1 150w\" sizes=\"auto, (max-width: 300px) 100vw, 300px\" \/><\/a><\/figure>\n<\/div>\n\n\n\n<div class=\"wp-block-column is-layout-flow wp-block-column-is-layout-flow\">\n<figure class=\"wp-block-image size-full is-resized\"><a href=\"https:\/\/chevalserein.com\/index.php\/pension-perfectionnement\/\"><img data-recalc-dims=\"1\" loading=\"lazy\" decoding=\"async\" width=\"300\" height=\"600\" src=\"https:\/\/i0.wp.com\/chevalserein.com\/wp-content\/uploads\/2024\/01\/Tarif-au-mois-10.png?resize=300%2C600&#038;ssl=1\" alt=\"\" class=\"wp-image-344\" style=\"width:366px;height:auto\" srcset=\"https:\/\/i0.wp.com\/chevalserein.com\/wp-content\/uploads\/2024\/01\/Tarif-au-mois-10.png?w=300&amp;ssl=1 300w, https:\/\/i0.wp.com\/chevalserein.com\/wp-content\/uploads\/2024\/01\/Tarif-au-mois-10.png?resize=150%2C300&amp;ssl=1 150w\" sizes=\"auto, (max-width: 300px) 100vw, 300px\" \/><\/a><\/figure>\n<\/div>\n\n\n\n<div class=\"wp-block-column is-layout-flow wp-block-column-is-layout-flow\">\n<figure class=\"wp-block-image size-full is-resized\"><a href=\"https:\/\/chevalserein.com\/index.php\/pension-reeducation\/\"><img data-recalc-dims=\"1\" loading=\"lazy\" decoding=\"async\" width=\"300\" height=\"600\" src=\"https:\/\/i0.wp.com\/chevalserein.com\/wp-content\/uploads\/2024\/01\/7-3.png?resize=300%2C600&#038;ssl=1\" alt=\"\" class=\"wp-image-342\" style=\"width:367px;height:auto\" srcset=\"https:\/\/i0.wp.com\/chevalserein.com\/wp-content\/uploads\/2024\/01\/7-3.png?w=300&amp;ssl=1 300w, https:\/\/i0.wp.com\/chevalserein.com\/wp-content\/uploads\/2024\/01\/7-3.png?resize=150%2C300&amp;ssl=1 150w\" sizes=\"auto, (max-width: 300px) 100vw, 300px\" \/><\/a><\/figure>\n<\/div>\n<\/div>\n\n\n\n<div class=\"wp-block-buttons is-content-justification-center is-layout-flex wp-container-core-buttons-is-layout-a89b3969 wp-block-buttons-is-layout-flex\">\n<div class=\"wp-block-button is-style-outline is-style-outline--1\"><a class=\"wp-block-button__link wp-element-button\" href=\"https:\/\/docs.google.com\/forms\/d\/e\/1FAIpQLSfetntr-SKP50dfEC5cbKGa-UPpg186Q_p0D3LDypLbbNK0Pw\/viewform\" style=\"border-radius:0px\" target=\"_blank\" rel=\"noreferrer noopener\">CONTACT<\/a><\/div>\n<\/div>\n\n\n\n<p><\/p>\n","protected":false},"excerpt":{"rendered":"<p>Mathilde de Cheval Serein accueille votre cheval dans sa structure. Elle offre une pension adapt\u00e9e \u00e0 vos besoins ainsi qu&rsquo;\u00e0 ceux de votre fid\u00e8le compagnon. Diverses options d&rsquo;h\u00e9bergement selon vos pr\u00e9f\u00e9rences sont possibles: En g\u00e9n\u00e9ral, le d\u00e9lai d&rsquo;attente pour une pension travail est de 2 \u00e0 3 mois. Par exemple, si vous prenez contact avec &hellip; <\/p>\n<p class=\"link-more\"><a href=\"https:\/\/chevalserein.com\/index.php\/pension-travail\/\" class=\"more-link\">Lire la suite de<span class=\"screen-reader-text\">\u00ab\u00a0Pension travail\u00a0\u00bb<\/span><\/a><\/p>\n","protected":false},"author":2,"featured_media":0,"parent":0,"menu_order":0,"comment_status":"closed","ping_status":"closed","template":"","meta":{"inspiro_hide_title":false,"footnotes":""},"class_list":["post-173","page","type-page","status-publish","hentry"],"yoast_head":"<!-- This site is optimized with the Yoast SEO plugin v27.4 - https:\/\/yoast.com\/product\/yoast-seo-wordpress\/ -->\n<title>Pension travail - Cheval Serein - La Femme Chaussette<\/title>\n<meta name=\"description\" content=\"Cheval Serein re\u00e7oit votre cheval dans sa structure \u00e0 l&#039;occasion d&#039;une pension adapt\u00e9e \u00e0 vos besoin, et aux besoins de votre compagnon.\" \/>\n<meta name=\"robots\" content=\"index, follow, max-snippet:-1, max-image-preview:large, max-video-preview:-1\" \/>\n<link rel=\"canonical\" href=\"https:\/\/chevalserein.com\/index.php\/pension-travail\/\" \/>\n<meta property=\"og:locale\" content=\"fr_FR\" \/>\n<meta property=\"og:type\" content=\"article\" \/>\n<meta property=\"og:title\" content=\"Pension travail - Cheval Serein - La Femme Chaussette\" \/>\n<meta property=\"og:description\" content=\"Cheval Serein re\u00e7oit votre cheval dans sa structure \u00e0 l&#039;occasion d&#039;une pension adapt\u00e9e \u00e0 vos besoin, et aux besoins de votre compagnon.\" \/>\n<meta property=\"og:url\" content=\"https:\/\/chevalserein.com\/index.php\/pension-travail\/\" \/>\n<meta property=\"og:site_name\" content=\"Cheval Serein - La Femme Chaussette\" \/>\n<meta property=\"article:modified_time\" content=\"2025-01-04T23:44:24+00:00\" \/>\n<meta property=\"og:image\" content=\"https:\/\/chevalserein.com\/wp-content\/uploads\/2024\/01\/5-2.png\" \/>\n<meta name=\"twitter:card\" content=\"summary_large_image\" \/>\n<meta name=\"twitter:label1\" content=\"Dur\u00e9e de lecture estim\u00e9e\" \/>\n\t<meta name=\"twitter:data1\" content=\"2 minutes\" \/>\n<script type=\"application\/ld+json\" class=\"yoast-schema-graph\">{\"@context\":\"https:\\\/\\\/schema.org\",\"@graph\":[{\"@type\":\"WebPage\",\"@id\":\"https:\\\/\\\/chevalserein.com\\\/index.php\\\/pension-travail\\\/\",\"url\":\"https:\\\/\\\/chevalserein.com\\\/index.php\\\/pension-travail\\\/\",\"name\":\"Pension travail - Cheval Serein - La Femme Chaussette\",\"isPartOf\":{\"@id\":\"https:\\\/\\\/chevalserein.com\\\/#website\"},\"primaryImageOfPage\":{\"@id\":\"https:\\\/\\\/chevalserein.com\\\/index.php\\\/pension-travail\\\/#primaryimage\"},\"image\":{\"@id\":\"https:\\\/\\\/chevalserein.com\\\/index.php\\\/pension-travail\\\/#primaryimage\"},\"thumbnailUrl\":\"https:\\\/\\\/chevalserein.com\\\/wp-content\\\/uploads\\\/2024\\\/01\\\/5-2.png\",\"datePublished\":\"2024-01-04T22:56:29+00:00\",\"dateModified\":\"2025-01-04T23:44:24+00:00\",\"description\":\"Cheval Serein re\u00e7oit votre cheval dans sa structure \u00e0 l'occasion d'une pension adapt\u00e9e \u00e0 vos besoin, et aux besoins de votre compagnon.\",\"breadcrumb\":{\"@id\":\"https:\\\/\\\/chevalserein.com\\\/index.php\\\/pension-travail\\\/#breadcrumb\"},\"inLanguage\":\"fr-FR\",\"potentialAction\":[{\"@type\":\"ReadAction\",\"target\":[\"https:\\\/\\\/chevalserein.com\\\/index.php\\\/pension-travail\\\/\"]}]},{\"@type\":\"ImageObject\",\"inLanguage\":\"fr-FR\",\"@id\":\"https:\\\/\\\/chevalserein.com\\\/index.php\\\/pension-travail\\\/#primaryimage\",\"url\":\"https:\\\/\\\/i0.wp.com\\\/chevalserein.com\\\/wp-content\\\/uploads\\\/2024\\\/01\\\/5-2.png?fit=300%2C600&ssl=1\",\"contentUrl\":\"https:\\\/\\\/i0.wp.com\\\/chevalserein.com\\\/wp-content\\\/uploads\\\/2024\\\/01\\\/5-2.png?fit=300%2C600&ssl=1\",\"width\":300,\"height\":600},{\"@type\":\"BreadcrumbList\",\"@id\":\"https:\\\/\\\/chevalserein.com\\\/index.php\\\/pension-travail\\\/#breadcrumb\",\"itemListElement\":[{\"@type\":\"ListItem\",\"position\":1,\"name\":\"Accueil\",\"item\":\"https:\\\/\\\/chevalserein.com\\\/\"},{\"@type\":\"ListItem\",\"position\":2,\"name\":\"Pension travail\"}]},{\"@type\":\"WebSite\",\"@id\":\"https:\\\/\\\/chevalserein.com\\\/#website\",\"url\":\"https:\\\/\\\/chevalserein.com\\\/\",\"name\":\"CHEVAL SEREIN\",\"description\":\"Concr\u00e9tisez votre r\u00eave \u00e9questre\",\"publisher\":{\"@id\":\"https:\\\/\\\/chevalserein.com\\\/#organization\"},\"potentialAction\":[{\"@type\":\"SearchAction\",\"target\":{\"@type\":\"EntryPoint\",\"urlTemplate\":\"https:\\\/\\\/chevalserein.com\\\/?s={search_term_string}\"},\"query-input\":{\"@type\":\"PropertyValueSpecification\",\"valueRequired\":true,\"valueName\":\"search_term_string\"}}],\"inLanguage\":\"fr-FR\"},{\"@type\":\"Organization\",\"@id\":\"https:\\\/\\\/chevalserein.com\\\/#organization\",\"name\":\"CHEVAL SEREIN\",\"url\":\"https:\\\/\\\/chevalserein.com\\\/\",\"logo\":{\"@type\":\"ImageObject\",\"inLanguage\":\"fr-FR\",\"@id\":\"https:\\\/\\\/chevalserein.com\\\/#\\\/schema\\\/logo\\\/image\\\/\",\"url\":\"https:\\\/\\\/chevalserein.com\\\/wp-content\\\/uploads\\\/2023\\\/12\\\/chevalserein-logo-sur-blanc_300.png\",\"contentUrl\":\"https:\\\/\\\/chevalserein.com\\\/wp-content\\\/uploads\\\/2023\\\/12\\\/chevalserein-logo-sur-blanc_300.png\",\"width\":300,\"height\":77,\"caption\":\"CHEVAL SEREIN\"},\"image\":{\"@id\":\"https:\\\/\\\/chevalserein.com\\\/#\\\/schema\\\/logo\\\/image\\\/\"}}]}<\/script>\n<!-- \/ Yoast SEO plugin. -->","yoast_head_json":{"title":"Pension travail - Cheval Serein - La Femme Chaussette","description":"Cheval Serein re\u00e7oit votre cheval dans sa structure \u00e0 l'occasion d'une pension adapt\u00e9e \u00e0 vos besoin, et aux besoins de votre compagnon.","robots":{"index":"index","follow":"follow","max-snippet":"max-snippet:-1","max-image-preview":"max-image-preview:large","max-video-preview":"max-video-preview:-1"},"canonical":"https:\/\/chevalserein.com\/index.php\/pension-travail\/","og_locale":"fr_FR","og_type":"article","og_title":"Pension travail - Cheval Serein - La Femme Chaussette","og_description":"Cheval Serein re\u00e7oit votre cheval dans sa structure \u00e0 l'occasion d'une pension adapt\u00e9e \u00e0 vos besoin, et aux besoins de votre compagnon.","og_url":"https:\/\/chevalserein.com\/index.php\/pension-travail\/","og_site_name":"Cheval Serein - La Femme Chaussette","article_modified_time":"2025-01-04T23:44:24+00:00","og_image":[{"url":"https:\/\/chevalserein.com\/wp-content\/uploads\/2024\/01\/5-2.png","type":"","width":"","height":""}],"twitter_card":"summary_large_image","twitter_misc":{"Dur\u00e9e de lecture estim\u00e9e":"2 minutes"},"schema":{"@context":"https:\/\/schema.org","@graph":[{"@type":"WebPage","@id":"https:\/\/chevalserein.com\/index.php\/pension-travail\/","url":"https:\/\/chevalserein.com\/index.php\/pension-travail\/","name":"Pension travail - Cheval Serein - La Femme Chaussette","isPartOf":{"@id":"https:\/\/chevalserein.com\/#website"},"primaryImageOfPage":{"@id":"https:\/\/chevalserein.com\/index.php\/pension-travail\/#primaryimage"},"image":{"@id":"https:\/\/chevalserein.com\/index.php\/pension-travail\/#primaryimage"},"thumbnailUrl":"https:\/\/chevalserein.com\/wp-content\/uploads\/2024\/01\/5-2.png","datePublished":"2024-01-04T22:56:29+00:00","dateModified":"2025-01-04T23:44:24+00:00","description":"Cheval Serein re\u00e7oit votre cheval dans sa structure \u00e0 l'occasion d'une pension adapt\u00e9e \u00e0 vos besoin, et aux besoins de votre compagnon.","breadcrumb":{"@id":"https:\/\/chevalserein.com\/index.php\/pension-travail\/#breadcrumb"},"inLanguage":"fr-FR","potentialAction":[{"@type":"ReadAction","target":["https:\/\/chevalserein.com\/index.php\/pension-travail\/"]}]},{"@type":"ImageObject","inLanguage":"fr-FR","@id":"https:\/\/chevalserein.com\/index.php\/pension-travail\/#primaryimage","url":"https:\/\/i0.wp.com\/chevalserein.com\/wp-content\/uploads\/2024\/01\/5-2.png?fit=300%2C600&ssl=1","contentUrl":"https:\/\/i0.wp.com\/chevalserein.com\/wp-content\/uploads\/2024\/01\/5-2.png?fit=300%2C600&ssl=1","width":300,"height":600},{"@type":"BreadcrumbList","@id":"https:\/\/chevalserein.com\/index.php\/pension-travail\/#breadcrumb","itemListElement":[{"@type":"ListItem","position":1,"name":"Accueil","item":"https:\/\/chevalserein.com\/"},{"@type":"ListItem","position":2,"name":"Pension travail"}]},{"@type":"WebSite","@id":"https:\/\/chevalserein.com\/#website","url":"https:\/\/chevalserein.com\/","name":"CHEVAL SEREIN","description":"Concr\u00e9tisez votre r\u00eave \u00e9questre","publisher":{"@id":"https:\/\/chevalserein.com\/#organization"},"potentialAction":[{"@type":"SearchAction","target":{"@type":"EntryPoint","urlTemplate":"https:\/\/chevalserein.com\/?s={search_term_string}"},"query-input":{"@type":"PropertyValueSpecification","valueRequired":true,"valueName":"search_term_string"}}],"inLanguage":"fr-FR"},{"@type":"Organization","@id":"https:\/\/chevalserein.com\/#organization","name":"CHEVAL SEREIN","url":"https:\/\/chevalserein.com\/","logo":{"@type":"ImageObject","inLanguage":"fr-FR","@id":"https:\/\/chevalserein.com\/#\/schema\/logo\/image\/","url":"https:\/\/chevalserein.com\/wp-content\/uploads\/2023\/12\/chevalserein-logo-sur-blanc_300.png","contentUrl":"https:\/\/chevalserein.com\/wp-content\/uploads\/2023\/12\/chevalserein-logo-sur-blanc_300.png","width":300,"height":77,"caption":"CHEVAL SEREIN"},"image":{"@id":"https:\/\/chevalserein.com\/#\/schema\/logo\/image\/"}}]}},"jetpack_sharing_enabled":true,"_links":{"self":[{"href":"https:\/\/chevalserein.com\/index.php\/wp-json\/wp\/v2\/pages\/173","targetHints":{"allow":["GET"]}}],"collection":[{"href":"https:\/\/chevalserein.com\/index.php\/wp-json\/wp\/v2\/pages"}],"about":[{"href":"https:\/\/chevalserein.com\/index.php\/wp-json\/wp\/v2\/types\/page"}],"author":[{"embeddable":true,"href":"https:\/\/chevalserein.com\/index.php\/wp-json\/wp\/v2\/users\/2"}],"replies":[{"embeddable":true,"href":"https:\/\/chevalserein.com\/index.php\/wp-json\/wp\/v2\/comments?post=173"}],"version-history":[{"count":17,"href":"https:\/\/chevalserein.com\/index.php\/wp-json\/wp\/v2\/pages\/173\/revisions"}],"predecessor-version":[{"id":662,"href":"https:\/\/chevalserein.com\/index.php\/wp-json\/wp\/v2\/pages\/173\/revisions\/662"}],"wp:attachment":[{"href":"https:\/\/chevalserein.com\/index.php\/wp-json\/wp\/v2\/media?parent=173"}],"curies":[{"name":"wp","href":"https:\/\/api.w.org\/{rel}","templated":true}]}}