{"id":11,"date":"2023-12-26T15:07:06","date_gmt":"2023-12-26T14:07:06","guid":{"rendered":"https:\/\/chevalserein.com\/?page_id=11"},"modified":"2026-03-20T00:22:34","modified_gmt":"2026-03-19T23:22:34","slug":"contact-2","status":"publish","type":"page","link":"https:\/\/chevalserein.com\/index.php\/contact-2\/","title":{"rendered":"\u00c0 propos &amp; contact"},"content":{"rendered":"\n<h2 class=\"wp-block-heading\">\u00c0 propos<\/h2>\n\n\n\n<p>Je m\u2019appelle Mathilde, et je suis passionn\u00e9e par les chevaux et l&rsquo;\u00e9quitation sous toutes ses formes : <strong>enseignante, \u00e9ducatrice de chevaux, cavali\u00e8re de spectacle, et sportive \u00e9questre<\/strong>. Mon parcours et mes exp\u00e9riences m\u2019ont permis de construire une approche qui m&rsquo;est propre bas\u00e9es sur mon <strong>exp\u00e9rience, mes r\u00e9flexions et mon travail. <\/strong><\/p>\n\n\n\n<p class=\"has-text-align-left\"><em>Mes valeurs sont: respect du cheval, bienveillance et performance.<\/em><\/p>\n\n\n\n<figure class=\"wp-block-image alignleft size-full is-resized\"><img data-recalc-dims=\"1\" loading=\"lazy\" decoding=\"async\" width=\"512\" height=\"512\" src=\"https:\/\/i0.wp.com\/chevalserein.com\/wp-content\/uploads\/2024\/12\/Portrait-mathilde_.png?resize=512%2C512&#038;ssl=1\" alt=\"\" class=\"wp-image-617\" style=\"width:512px;height:auto\" srcset=\"https:\/\/i0.wp.com\/chevalserein.com\/wp-content\/uploads\/2024\/12\/Portrait-mathilde_.png?w=512&amp;ssl=1 512w, https:\/\/i0.wp.com\/chevalserein.com\/wp-content\/uploads\/2024\/12\/Portrait-mathilde_.png?resize=300%2C300&amp;ssl=1 300w, https:\/\/i0.wp.com\/chevalserein.com\/wp-content\/uploads\/2024\/12\/Portrait-mathilde_.png?resize=150%2C150&amp;ssl=1 150w\" sizes=\"auto, (max-width: 512px) 100vw, 512px\" \/><figcaption class=\"wp-element-caption\">Cr\u00e9dit photo LLR Photographie<\/figcaption><\/figure>\n\n\n\n<h3 class=\"wp-block-heading\">Mon parcours<\/h3>\n\n\n\n<p>J\u2019ai commenc\u00e9 le cheval en club comme la plupart des cavaliers \u00e0 mes 7 ans. Mais, je me suis \u00e9loign\u00e9e de cette \u00e9quitation qui me correspondait moins vers mes 18 ans\u2026 Je r\u00eavais d&rsquo;une <strong>relation diff\u00e9rente, de complicit\u00e9, d&rsquo;osmose<\/strong>, de ne faire qu&rsquo;un avec mon cheval. En fait, je suis n\u00e9e Mathilde, mais ma fibre artistique m\u2019a amen\u00e9 \u00e0 \u00e9clore pour devenir:<strong>&nbsp;La Femme Chaussette<\/strong>. Qui, \u00e0 l&rsquo;origine est mon nom d&rsquo;artiste \u00e9questre.<\/p>\n\n\n\n<p>En 2012, il y a d&rsquo;abord mon premier cheval, <strong>Vizir<\/strong>, \u00e0 tout juste 3 ans. M\u00eame s\u2019il n\u2019a pas toujours \u00e9t\u00e9 \u00e9vident de part un caract\u00e8re extr\u00eamement froid et introverti&#8230; le travail, la patience et l\u2019amour nous ont amen\u00e9 \u00e0 \u00e9voluer. En effet, aujourd&rsquo;hui, il est le partenaire id\u00e9al pour du travail \u00e0 pied et de la libert\u00e9 sous toutes ses formes. Ensemble, nous avons eu la chance de fouler&nbsp;de <strong>nombreuses pistes<\/strong>. Telles que celles du Jumping de Bordeaux, du Jumping de Blaye, de la Foire Internationale de Bordeaux, du salon Cheval Passion d\u2019Avignon mais encore du Festival Equestria \u00e0 Tarbes. Nous avons commenc\u00e9 ensemble en temps qu&rsquo;amateur, pour plusieurs ann\u00e9es apr\u00e8s, me retrouver <strong>professionnelle et actrice <\/strong>du monde \u00e9questre.<\/p>\n\n\n\n<p>Apr\u00e8s Vizir, d&rsquo;autres chevaux sont venus remplir les rangs: Vago, Orion, Diego, Juno, et les poneys, Djazz, Helliot et enfin le petit Marcelito. Tous ces chevaux m&rsquo;ont amen\u00e9 \u00e0 <strong>d\u00e9velopper ainsi mes connaissances et exp\u00e9riences <\/strong>en travail \u00e0 pied\/libert\u00e9, ext\u00e9rieur, et surtout travail mont\u00e9 en dressage ou cordelette.<\/p>\n\n\n\n<h2 class=\"wp-block-heading\">Formations<\/h2>\n\n\n\n<figure class=\"wp-block-image alignright size-full\"><img data-recalc-dims=\"1\" loading=\"lazy\" decoding=\"async\" width=\"800\" height=\"500\" src=\"https:\/\/i0.wp.com\/chevalserein.com\/wp-content\/uploads\/2025\/01\/Les-poneys-Lilou-1.png?resize=800%2C500&#038;ssl=1\" alt=\"\" class=\"wp-image-620\" srcset=\"https:\/\/i0.wp.com\/chevalserein.com\/wp-content\/uploads\/2025\/01\/Les-poneys-Lilou-1.png?w=800&amp;ssl=1 800w, https:\/\/i0.wp.com\/chevalserein.com\/wp-content\/uploads\/2025\/01\/Les-poneys-Lilou-1.png?resize=300%2C188&amp;ssl=1 300w\" sizes=\"auto, (max-width: 800px) 100vw, 800px\" \/><figcaption class=\"wp-element-caption\">Cr\u00e9dit photo Lilou Lamoureux<\/figcaption><\/figure>\n\n\n\n<p>Apr\u00e8s plusieurs ann\u00e9es \u00e0 travailler mes chevaux en<strong> spectacle \u00e9questre<\/strong> (via plusieurs disciplines) et avec une double activit\u00e9 en <strong>nutrition \u00e9quine<\/strong>. Je me suis form\u00e9e et ait pass\u00e9 un dipl\u00f4me <strong>CQPEAE<\/strong> afin de transmettre mes exp\u00e9riences et accompagner des couples vers une \u00e9quitation diff\u00e9rente. C&rsquo;est ainsi qu&rsquo;est n\u00e9e mon \u00e9curie <strong>Cheval Serein<\/strong>, ou je propose diff\u00e9rentes activit\u00e9s: <a href=\"https:\/\/chevalserein.com\/index.php\/enseignement-2\/\">Enseignement<\/a>, <a href=\"https:\/\/chevalserein.com\/index.php\/pension-travail\/\">pension travail <\/a>et du <a href=\"https:\/\/chevalserein.com\/index.php\/spectacle-equestre\/\">spectacle \u00e9questre<\/a>. Je me consacre \u00e0 ces activit\u00e9s chez Cheval Serein \u00e0 100 % depuis novembre 2023. Et suis heureuse d&rsquo;avoir accompagn\u00e9 de nombreux couples dans <strong>leurs projets et r\u00eaves \u00e9questres <\/strong>depuis.<\/p>\n\n\n\n<p>Afin de me perfectionner, et dans l&rsquo;id\u00e9e de perp\u00e9tuelle \u00e9volution, je continue moi m\u00eame \u00e0 me former dans diff\u00e9rentes disciplines. Je prends r\u00e9guli\u00e8rement des cours notamment en <strong>dressage et \u00e9quitation de travail<\/strong> avec mes chevaux.<\/p>\n\n\n\n<p>Mon objectif est de transmettre une \u00e9quitation respectueuse et technique, permettant d\u2019\u00e9tablir une relation harmonieuse entre mes cavaliers et leurs chevaux.<\/p>\n\n\n\n<h3 class=\"wp-block-heading\">\u00c9ducatrice et r\u00e9\u00e9ducatrice de chevaux<\/h3>\n\n\n\n<p>Le bien-\u00eatre du cheval est au c\u0153ur de mon activit\u00e9. Dans mes pensions travail, j\u2019accueille des chevaux pour leur \u00e9ducation, leur pr\u00e9-d\u00e9bourrage, leur d\u00e9bourrage ou encore leur r\u00e9\u00e9ducation. Chaque cheval est unique, et j\u2019accorde une attention particuli\u00e8re \u00e0 d\u00e9celer ses besoins pour l\u2019aider \u00e0 progresser \u00e0 son rythme.<\/p>\n\n\n\n<figure class=\"wp-block-image alignright size-full\"><img data-recalc-dims=\"1\" loading=\"lazy\" decoding=\"async\" width=\"500\" height=\"500\" src=\"https:\/\/i0.wp.com\/chevalserein.com\/wp-content\/uploads\/2025\/01\/Diego-dressage-liberte_.png?resize=500%2C500&#038;ssl=1\" alt=\"\" class=\"wp-image-656\" srcset=\"https:\/\/i0.wp.com\/chevalserein.com\/wp-content\/uploads\/2025\/01\/Diego-dressage-liberte_.png?w=500&amp;ssl=1 500w, https:\/\/i0.wp.com\/chevalserein.com\/wp-content\/uploads\/2025\/01\/Diego-dressage-liberte_.png?resize=300%2C300&amp;ssl=1 300w, https:\/\/i0.wp.com\/chevalserein.com\/wp-content\/uploads\/2025\/01\/Diego-dressage-liberte_.png?resize=150%2C150&amp;ssl=1 150w\" sizes=\"auto, (max-width: 500px) 100vw, 500px\" \/><\/figure>\n\n\n\n<h3 class=\"wp-block-heading\">Sportive et passionn\u00e9e<\/h3>\n\n\n\n<p>Toujours en qu\u00eate de perfectionnement, je m\u2019investis dans des disciplines vari\u00e9es, comme le <strong>dressage<\/strong> ou mon objectif sur du long terme serait de faire de la <strong>haute \u00e9cole en cordelette<\/strong>. Mais \u00e9galement <strong>l\u2019\u00e9quitation de travail ou le tri de b\u00e9tail<\/strong>, que mon jeune cheval Diego a r\u00e9cemment d\u00e9couvert. Ces exp\u00e9riences enrichissent mon approche et nourrissent mon envie constante d\u2019apprendre.<\/p>\n\n\n\n<h3 class=\"wp-block-heading\">Une \u00e9thique au centre de mon travail<\/h3>\n\n\n\n<p>Chaque action que j\u2019entreprends est guid\u00e9e par une <strong>\u00e9thique forte<\/strong> :<\/p>\n\n\n\n<ul class=\"wp-block-list\">\n<li>Respect du cheval et de son int\u00e9grit\u00e9 physique et mentale.<\/li>\n\n\n\n<li>Transmission d\u2019une \u00e9quitation bienveillante et technique.<\/li>\n\n\n\n<li>Engagement envers le d\u00e9veloppement personnel et professionnel des cavaliers.<\/li>\n<\/ul>\n\n\n\n<p><\/p>\n\n\n\n<p><\/p>\n\n\n\n<p><\/p>\n\n\n\n<h2 class=\"wp-block-heading\">O\u00f9 nous trouver ? <\/h2>\n\n\n\n<div class=\"wp-block-group alignfull has-global-padding is-layout-constrained wp-container-core-group-is-layout-19e250f3 wp-block-group-is-layout-constrained\">\n<div class=\"wp-block-columns alignfull are-vertically-aligned-center has-light-background-background-color has-background is-layout-flex wp-container-core-columns-is-layout-dd282781 wp-block-columns-is-layout-flex\" style=\"padding-top:0;padding-right:0;padding-bottom:0;padding-left:0\">\n<div class=\"wp-block-column is-vertically-aligned-center map-grayscale is-layout-flow wp-block-column-is-layout-flow\" style=\"flex-basis:50%\">\n<figure class=\"wp-block-image size-full\"><img data-recalc-dims=\"1\" loading=\"lazy\" decoding=\"async\" width=\"828\" height=\"927\" src=\"https:\/\/i0.wp.com\/chevalserein.com\/wp-content\/uploads\/2024\/01\/IMG_7691.jpg?resize=828%2C927&#038;ssl=1\" alt=\"\" class=\"wp-image-290\" srcset=\"https:\/\/i0.wp.com\/chevalserein.com\/wp-content\/uploads\/2024\/01\/IMG_7691.jpg?w=828&amp;ssl=1 828w, https:\/\/i0.wp.com\/chevalserein.com\/wp-content\/uploads\/2024\/01\/IMG_7691.jpg?resize=268%2C300&amp;ssl=1 268w\" sizes=\"auto, (max-width: 828px) 100vw, 828px\" \/><\/figure>\n<\/div>\n\n\n\n<div class=\"wp-block-column is-vertically-aligned-center is-layout-flow wp-block-column-is-layout-flow\" style=\"padding-top:var(--wp--preset--spacing--small);padding-right:var(--wp--preset--spacing--small);padding-bottom:var(--wp--preset--spacing--small);padding-left:2%;flex-basis:50%\">\n<h3 class=\"wp-block-heading has-large-font-size\">Contact<\/h3>\n\n\n\n<h3 class=\"wp-block-heading\"><strong>A<\/strong>dresse<\/h3>\n\n\n\n<p>Cheval Serein<\/p>\n\n\n\n<p>Mathilde AUGEREAU<\/p>\n\n\n\n<p>1 Le Cancet 33240 P\u00e9rissac<\/p>\n\n\n\n<h3 class=\"wp-block-heading\"><strong>Email<\/strong><\/h3>\n\n\n\n<p>lafemmechaussette@gmail.com<\/p>\n\n\n\n<h3 class=\"wp-block-heading\"><strong>T\u00e9l\u00e9phone<\/strong><\/h3>\n\n\n\n<p>06 86 82 89 18<\/p>\n\n\n\n<div class=\"wp-block-buttons is-content-justification-center is-layout-flex wp-container-core-buttons-is-layout-a89b3969 wp-block-buttons-is-layout-flex\">\n<div class=\"wp-block-button is-style-outline is-style-outline--1\"><a class=\"wp-block-button__link wp-element-button\" href=\"https:\/\/forms.gle\/DT27LvfNJ3rECb716\" style=\"border-radius:0px\" target=\"_blank\" rel=\"noreferrer noopener\">FORMULAIRE DE CONTACT<\/a><\/div>\n<\/div>\n<\/div>\n<\/div>\n<\/div>\n\n\n\n<div class=\"wp-block-group has-global-padding is-layout-constrained wp-block-group-is-layout-constrained\">\n<div style=\"height:33px\" aria-hidden=\"true\" class=\"wp-block-spacer\"><\/div>\n\n\n\n<div style=\"height:45px\" aria-hidden=\"true\" class=\"wp-block-spacer\"><\/div>\n<\/div>\n","protected":false},"excerpt":{"rendered":"<p>\u00c0 propos Je m\u2019appelle Mathilde, et je suis passionn\u00e9e par les chevaux et l&rsquo;\u00e9quitation sous toutes ses formes : enseignante, \u00e9ducatrice de chevaux, cavali\u00e8re de spectacle, et sportive \u00e9questre. Mon parcours et mes exp\u00e9riences m\u2019ont permis de construire une approche qui m&rsquo;est propre bas\u00e9es sur mon exp\u00e9rience, mes r\u00e9flexions et mon travail. Mes valeurs sont: &hellip; <\/p>\n<p class=\"link-more\"><a href=\"https:\/\/chevalserein.com\/index.php\/contact-2\/\" class=\"more-link\">Lire la suite de<span class=\"screen-reader-text\">\u00ab\u00a0\u00c0 propos &amp; contact\u00a0\u00bb<\/span><\/a><\/p>\n","protected":false},"author":1,"featured_media":363,"parent":0,"menu_order":0,"comment_status":"closed","ping_status":"closed","template":"","meta":{"inspiro_hide_title":false,"footnotes":""},"class_list":["post-11","page","type-page","status-publish","has-post-thumbnail","hentry"],"yoast_head":"<!-- This site is optimized with the Yoast SEO plugin v27.4 - https:\/\/yoast.com\/product\/yoast-seo-wordpress\/ -->\n<title>\u00c0 propos &amp; contact - Cheval Serein - La Femme Chaussette<\/title>\n<meta name=\"description\" content=\"Vous aimez les chevaux et r\u00eaver d&#039;en apprendre plus \u00e0 leur contact ? Mathilde vous accompagne dans vos projets et r\u00eaves \u00e9questres.\" \/>\n<meta name=\"robots\" content=\"index, follow, max-snippet:-1, max-image-preview:large, max-video-preview:-1\" \/>\n<link rel=\"canonical\" href=\"https:\/\/chevalserein.com\/index.php\/contact-2\/\" \/>\n<meta property=\"og:locale\" content=\"fr_FR\" \/>\n<meta property=\"og:type\" content=\"article\" \/>\n<meta property=\"og:title\" content=\"\u00c0 propos &amp; contact - Cheval Serein - La Femme Chaussette\" \/>\n<meta property=\"og:description\" content=\"Vous aimez les chevaux et r\u00eaver d&#039;en apprendre plus \u00e0 leur contact ? Mathilde vous accompagne dans vos projets et r\u00eaves \u00e9questres.\" \/>\n<meta property=\"og:url\" content=\"https:\/\/chevalserein.com\/index.php\/contact-2\/\" \/>\n<meta property=\"og:site_name\" content=\"Cheval Serein - La Femme Chaussette\" \/>\n<meta property=\"article:modified_time\" content=\"2026-03-19T23:22:34+00:00\" \/>\n<meta property=\"og:image\" content=\"https:\/\/chevalserein.com\/wp-content\/uploads\/2024\/01\/LBertheOrion-carriere-janvier-9224-1024.jpg\" \/>\n\t<meta property=\"og:image:width\" content=\"1023\" \/>\n\t<meta property=\"og:image:height\" content=\"683\" \/>\n\t<meta property=\"og:image:type\" content=\"image\/jpeg\" \/>\n<meta name=\"twitter:card\" content=\"summary_large_image\" \/>\n<meta name=\"twitter:label1\" content=\"Dur\u00e9e de lecture estim\u00e9e\" \/>\n\t<meta name=\"twitter:data1\" content=\"5 minutes\" \/>\n<script type=\"application\/ld+json\" class=\"yoast-schema-graph\">{\"@context\":\"https:\\\/\\\/schema.org\",\"@graph\":[{\"@type\":\"WebPage\",\"@id\":\"https:\\\/\\\/chevalserein.com\\\/index.php\\\/contact-2\\\/\",\"url\":\"https:\\\/\\\/chevalserein.com\\\/index.php\\\/contact-2\\\/\",\"name\":\"\u00c0 propos &amp; contact - Cheval Serein - La Femme Chaussette\",\"isPartOf\":{\"@id\":\"https:\\\/\\\/chevalserein.com\\\/#website\"},\"primaryImageOfPage\":{\"@id\":\"https:\\\/\\\/chevalserein.com\\\/index.php\\\/contact-2\\\/#primaryimage\"},\"image\":{\"@id\":\"https:\\\/\\\/chevalserein.com\\\/index.php\\\/contact-2\\\/#primaryimage\"},\"thumbnailUrl\":\"https:\\\/\\\/i0.wp.com\\\/chevalserein.com\\\/wp-content\\\/uploads\\\/2024\\\/01\\\/LBertheOrion-carriere-janvier-9224-1024.jpg?fit=1023%2C683&ssl=1\",\"datePublished\":\"2023-12-26T14:07:06+00:00\",\"dateModified\":\"2026-03-19T23:22:34+00:00\",\"description\":\"Vous aimez les chevaux et r\u00eaver d'en apprendre plus \u00e0 leur contact ? Mathilde vous accompagne dans vos projets et r\u00eaves \u00e9questres.\",\"breadcrumb\":{\"@id\":\"https:\\\/\\\/chevalserein.com\\\/index.php\\\/contact-2\\\/#breadcrumb\"},\"inLanguage\":\"fr-FR\",\"potentialAction\":[{\"@type\":\"ReadAction\",\"target\":[\"https:\\\/\\\/chevalserein.com\\\/index.php\\\/contact-2\\\/\"]}]},{\"@type\":\"ImageObject\",\"inLanguage\":\"fr-FR\",\"@id\":\"https:\\\/\\\/chevalserein.com\\\/index.php\\\/contact-2\\\/#primaryimage\",\"url\":\"https:\\\/\\\/i0.wp.com\\\/chevalserein.com\\\/wp-content\\\/uploads\\\/2024\\\/01\\\/LBertheOrion-carriere-janvier-9224-1024.jpg?fit=1023%2C683&ssl=1\",\"contentUrl\":\"https:\\\/\\\/i0.wp.com\\\/chevalserein.com\\\/wp-content\\\/uploads\\\/2024\\\/01\\\/LBertheOrion-carriere-janvier-9224-1024.jpg?fit=1023%2C683&ssl=1\",\"width\":1023,\"height\":683,\"caption\":\"Orion - Galop\"},{\"@type\":\"BreadcrumbList\",\"@id\":\"https:\\\/\\\/chevalserein.com\\\/index.php\\\/contact-2\\\/#breadcrumb\",\"itemListElement\":[{\"@type\":\"ListItem\",\"position\":1,\"name\":\"Accueil\",\"item\":\"https:\\\/\\\/chevalserein.com\\\/\"},{\"@type\":\"ListItem\",\"position\":2,\"name\":\"\u00c0 propos &amp; contact\"}]},{\"@type\":\"WebSite\",\"@id\":\"https:\\\/\\\/chevalserein.com\\\/#website\",\"url\":\"https:\\\/\\\/chevalserein.com\\\/\",\"name\":\"CHEVAL SEREIN\",\"description\":\"Concr\u00e9tisez votre r\u00eave \u00e9questre\",\"publisher\":{\"@id\":\"https:\\\/\\\/chevalserein.com\\\/#organization\"},\"potentialAction\":[{\"@type\":\"SearchAction\",\"target\":{\"@type\":\"EntryPoint\",\"urlTemplate\":\"https:\\\/\\\/chevalserein.com\\\/?s={search_term_string}\"},\"query-input\":{\"@type\":\"PropertyValueSpecification\",\"valueRequired\":true,\"valueName\":\"search_term_string\"}}],\"inLanguage\":\"fr-FR\"},{\"@type\":\"Organization\",\"@id\":\"https:\\\/\\\/chevalserein.com\\\/#organization\",\"name\":\"CHEVAL SEREIN\",\"url\":\"https:\\\/\\\/chevalserein.com\\\/\",\"logo\":{\"@type\":\"ImageObject\",\"inLanguage\":\"fr-FR\",\"@id\":\"https:\\\/\\\/chevalserein.com\\\/#\\\/schema\\\/logo\\\/image\\\/\",\"url\":\"https:\\\/\\\/chevalserein.com\\\/wp-content\\\/uploads\\\/2023\\\/12\\\/chevalserein-logo-sur-blanc_300.png\",\"contentUrl\":\"https:\\\/\\\/chevalserein.com\\\/wp-content\\\/uploads\\\/2023\\\/12\\\/chevalserein-logo-sur-blanc_300.png\",\"width\":300,\"height\":77,\"caption\":\"CHEVAL SEREIN\"},\"image\":{\"@id\":\"https:\\\/\\\/chevalserein.com\\\/#\\\/schema\\\/logo\\\/image\\\/\"}}]}<\/script>\n<!-- \/ Yoast SEO plugin. -->","yoast_head_json":{"title":"\u00c0 propos &amp; contact - Cheval Serein - La Femme Chaussette","description":"Vous aimez les chevaux et r\u00eaver d'en apprendre plus \u00e0 leur contact ? Mathilde vous accompagne dans vos projets et r\u00eaves \u00e9questres.","robots":{"index":"index","follow":"follow","max-snippet":"max-snippet:-1","max-image-preview":"max-image-preview:large","max-video-preview":"max-video-preview:-1"},"canonical":"https:\/\/chevalserein.com\/index.php\/contact-2\/","og_locale":"fr_FR","og_type":"article","og_title":"\u00c0 propos &amp; contact - Cheval Serein - La Femme Chaussette","og_description":"Vous aimez les chevaux et r\u00eaver d'en apprendre plus \u00e0 leur contact ? Mathilde vous accompagne dans vos projets et r\u00eaves \u00e9questres.","og_url":"https:\/\/chevalserein.com\/index.php\/contact-2\/","og_site_name":"Cheval Serein - La Femme Chaussette","article_modified_time":"2026-03-19T23:22:34+00:00","og_image":[{"width":1023,"height":683,"url":"https:\/\/chevalserein.com\/wp-content\/uploads\/2024\/01\/LBertheOrion-carriere-janvier-9224-1024.jpg","type":"image\/jpeg"}],"twitter_card":"summary_large_image","twitter_misc":{"Dur\u00e9e de lecture estim\u00e9e":"5 minutes"},"schema":{"@context":"https:\/\/schema.org","@graph":[{"@type":"WebPage","@id":"https:\/\/chevalserein.com\/index.php\/contact-2\/","url":"https:\/\/chevalserein.com\/index.php\/contact-2\/","name":"\u00c0 propos &amp; contact - Cheval Serein - La Femme Chaussette","isPartOf":{"@id":"https:\/\/chevalserein.com\/#website"},"primaryImageOfPage":{"@id":"https:\/\/chevalserein.com\/index.php\/contact-2\/#primaryimage"},"image":{"@id":"https:\/\/chevalserein.com\/index.php\/contact-2\/#primaryimage"},"thumbnailUrl":"https:\/\/i0.wp.com\/chevalserein.com\/wp-content\/uploads\/2024\/01\/LBertheOrion-carriere-janvier-9224-1024.jpg?fit=1023%2C683&ssl=1","datePublished":"2023-12-26T14:07:06+00:00","dateModified":"2026-03-19T23:22:34+00:00","description":"Vous aimez les chevaux et r\u00eaver d'en apprendre plus \u00e0 leur contact ? Mathilde vous accompagne dans vos projets et r\u00eaves \u00e9questres.","breadcrumb":{"@id":"https:\/\/chevalserein.com\/index.php\/contact-2\/#breadcrumb"},"inLanguage":"fr-FR","potentialAction":[{"@type":"ReadAction","target":["https:\/\/chevalserein.com\/index.php\/contact-2\/"]}]},{"@type":"ImageObject","inLanguage":"fr-FR","@id":"https:\/\/chevalserein.com\/index.php\/contact-2\/#primaryimage","url":"https:\/\/i0.wp.com\/chevalserein.com\/wp-content\/uploads\/2024\/01\/LBertheOrion-carriere-janvier-9224-1024.jpg?fit=1023%2C683&ssl=1","contentUrl":"https:\/\/i0.wp.com\/chevalserein.com\/wp-content\/uploads\/2024\/01\/LBertheOrion-carriere-janvier-9224-1024.jpg?fit=1023%2C683&ssl=1","width":1023,"height":683,"caption":"Orion - Galop"},{"@type":"BreadcrumbList","@id":"https:\/\/chevalserein.com\/index.php\/contact-2\/#breadcrumb","itemListElement":[{"@type":"ListItem","position":1,"name":"Accueil","item":"https:\/\/chevalserein.com\/"},{"@type":"ListItem","position":2,"name":"\u00c0 propos &amp; contact"}]},{"@type":"WebSite","@id":"https:\/\/chevalserein.com\/#website","url":"https:\/\/chevalserein.com\/","name":"CHEVAL SEREIN","description":"Concr\u00e9tisez votre r\u00eave \u00e9questre","publisher":{"@id":"https:\/\/chevalserein.com\/#organization"},"potentialAction":[{"@type":"SearchAction","target":{"@type":"EntryPoint","urlTemplate":"https:\/\/chevalserein.com\/?s={search_term_string}"},"query-input":{"@type":"PropertyValueSpecification","valueRequired":true,"valueName":"search_term_string"}}],"inLanguage":"fr-FR"},{"@type":"Organization","@id":"https:\/\/chevalserein.com\/#organization","name":"CHEVAL SEREIN","url":"https:\/\/chevalserein.com\/","logo":{"@type":"ImageObject","inLanguage":"fr-FR","@id":"https:\/\/chevalserein.com\/#\/schema\/logo\/image\/","url":"https:\/\/chevalserein.com\/wp-content\/uploads\/2023\/12\/chevalserein-logo-sur-blanc_300.png","contentUrl":"https:\/\/chevalserein.com\/wp-content\/uploads\/2023\/12\/chevalserein-logo-sur-blanc_300.png","width":300,"height":77,"caption":"CHEVAL SEREIN"},"image":{"@id":"https:\/\/chevalserein.com\/#\/schema\/logo\/image\/"}}]}},"jetpack_sharing_enabled":true,"_links":{"self":[{"href":"https:\/\/chevalserein.com\/index.php\/wp-json\/wp\/v2\/pages\/11","targetHints":{"allow":["GET"]}}],"collection":[{"href":"https:\/\/chevalserein.com\/index.php\/wp-json\/wp\/v2\/pages"}],"about":[{"href":"https:\/\/chevalserein.com\/index.php\/wp-json\/wp\/v2\/types\/page"}],"author":[{"embeddable":true,"href":"https:\/\/chevalserein.com\/index.php\/wp-json\/wp\/v2\/users\/1"}],"replies":[{"embeddable":true,"href":"https:\/\/chevalserein.com\/index.php\/wp-json\/wp\/v2\/comments?post=11"}],"version-history":[{"count":13,"href":"https:\/\/chevalserein.com\/index.php\/wp-json\/wp\/v2\/pages\/11\/revisions"}],"predecessor-version":[{"id":835,"href":"https:\/\/chevalserein.com\/index.php\/wp-json\/wp\/v2\/pages\/11\/revisions\/835"}],"wp:featuredmedia":[{"embeddable":true,"href":"https:\/\/chevalserein.com\/index.php\/wp-json\/wp\/v2\/media\/363"}],"wp:attachment":[{"href":"https:\/\/chevalserein.com\/index.php\/wp-json\/wp\/v2\/media?parent=11"}],"curies":[{"name":"wp","href":"https:\/\/api.w.org\/{rel}","templated":true}]}}